-10000110100001100110110 (base 2) in base 13?
-bb4570
2802182 (base 10) to base 9
5240775
What is 2451331 (base 6) in base 15?
28d44
4ac354 (base 14) to base 2
1001110011001101010110
What is 2012022120 (base 3) in base 15?
cc2c
52fc (base 16) to base 7
115636
Convert -344280 (base 10) to base 4.
-1110003120
What is 2c68d (base 16) in base 8?
543215
Convert -213400301 (base 5) to base 10.
-918826
12144121 (base 5) to base 4
130031100
-239858 (base 14) to base 7
-13226541
What is -1222003300 (base 4) in base 11?
-277424
3b19a7 (base 13) to base 12
590795
What is 14093b (base 12) in base 5?
41124434
What is -86b49 (base 13) in base 5?
-30243330
Convert -734178 (base 12) to base 7.
-21252260
What is 1011322222 (base 4) in base 7?
2301631
Convert -303021232133 (base 4) to base 2.
-110011001001101110011111
What is -12141110 (base 6) in base 11?
-2443a3
-34093a9 (base 12) to base 13
-20b0965
Convert 3512543 (base 6) to base 16.
2c22f
451265 (base 10) to base 3
211221000112
What is 10110100111110111 (base 2) in base 16?
169f7
Convert 210451335 (base 6) to base 11.
2091728
-83b5 (base 12) to base 9
-21662
Convert 3b62 (base 13) to base 7.
33604
What is -430a47a (base 11) in base 15?
-9ebd6d
Convert -72c3d2 (base 14) to base 13.
-a58ba0
1002010441 (base 5) to base 6
110314213
2634617 (base 8) to base 12
2b5867
207244 (base 9) to base 2
11110001000001011
Convert -5b48 (base 15) to base 4.
-10233122
Convert 98daa (base 14) to base 13.
cc78b
231023323012 (base 4) to base 11
6760621
What is -51300007 (base 8) in base 11?
-6138a16
What is 11232242440 (base 5) in base 9?
26030581
-15bd14 (base 15) to base 8
-4007631
-2218635 (base 10) to base 14
-41a77d
Convert 51e82 (base 16) to base 12.
142196
-210121102122 (base 3) to base 6
-13041025
352533 (base 8) to base 3
20002211012
What is -9984a0 (base 11) in base 2?
-110000100110010010110
What is 21625468 (base 9) in base 6?
1012214442
Convert 111433356 (base 7) to base 10.
6781641
14533255 (base 6) to base 12
20722b
Convert 53243041 (base 6) to base 5.
344423212
Convert 8164662 (base 9) to base 13.
b956a0
Convert -7022b3 (base 12) to base 11.
-a92633
423641 (base 7) to base 6
1323422
5639290 (base 11) to base 3
200120222022001
What is 20a9642 (base 13) in base 9?
20660573
What is 11110111100110000010010 (base 2) in base 7?
125650362
12aad9 (base 14) to base 15
cad4c
Convert -2647478 (base 9) to base 5.
-332331133
What is 678c7 (base 15) in base 16?
50692
Convert -263465 (base 7) to base 9.
-74548
What is 1a45a59 (base 11) in base 15?
481be4
What is -11a7a65 (base 13) in base 3?
-101100110202201
-62655 (base 12) to base 14
-34d21
-b2a27a (base 12) to base 8
-12525376
-90b3ba (base 13) to base 6
-200053252
Convert 70666 (base 11) to base 14.
298d7
Convert 526551 (base 10) to base 11.
32a673
What is 262708 (base 10) in base 15?
52c8d
Convert -5019208 (base 10) to base 6.
-255325024
-29aaa2 (base 12) to base 15
-dd505
316378 (base 13) to base 5
243444403
What is -298c (base 15) in base 12?
-51a3
What is 2027703 (base 11) in base 8?
15525153
What is 323203103311 (base 4) in base 8?
73432365
What is -348013 (base 10) in base 12?
-149491
What is -174726 (base 8) in base 7?
-354316
What is -a11b4 (base 13) in base 15?
-5a583
What is -47356 (base 13) in base 8?
-376231
Convert 13a08 (base 14) to base 5.
3023431
What is -b300 (base 12) in base 5?
-1110230
-15540260 (base 9) to base 8
-35467727
1202131233 (base 4) to base 3
202111020110
-1327c1 (base 14) to base 2
-10100001001010000101
Convert -134341121 (base 5) to base 11.
-438632
15450205 (base 8) to base 7
42153501
-4852276 (base 9) to base 4
-22002233022
-2422444 (base 6) to base 7
-1041022
881183 (base 9) to base 14
d9869
What is 1b4b15 (base 12) in base 6?
14223225
Convert -17bbba2 (base 12) to base 14.
-9378ca
Convert b7a6b7 (base 14) to base 3.
102200200200000
-2033425 (base 6) to base 10
-98009
What is 134113150 (base 6) in base 16?
2970ba
What is 4ee1e0 (base 16) in base 11?
2a11026
83e2 (base 15) to base 4
12303233
What is 517622 (base 8) in base 7?
1314142
What is -21021330111 (base 4) in base 13?
-660540
Convert -1110101010111110111 (base 2) to base 12.
-1b2273
What is -214fdc (base 16) in base 10?
-2183132
-22301010 (base 4) to base 12
-21630
What is 95a218 (base 12) in base 13?
6486c8
1000000000011010 (base 2) to base 10
32794
What is -130375 (base 9) in base 16?
-134c3
What is -27ba07 (base 12) in base 16?
-a1ee7
33b6a (base 13) to base 14
264a1
What is 5c37c9 (base 13) in base 11?
1278288
Convert 64132 (base 11) to base 14.
26022
Convert 6089a79 (base 11) to base 7.
160312406
What is -233132302 (base 4) in base 14?
-50c38
What is 26960 (base 14) in base 10?
95144
Convert -11a39a (base 13) to base 11.
-269443
What is 7a506 (base 16) in base 9?
843214
Convert 132210223 (base 4) to base 10.
125227
Convert -1001000000100110011 (base 2) to base 14.
-79831
Convert -3989 (base 10) to base 2.
-111110010101
-511432224 (base 6) to base 15
-b80924
Convert -21121233132 (base 4) to base 11.
-1433878
111201012122 (base 3) to base 7
2202554
What is 56a17 (base 11) in base 14?
22071
Convert 24a260 (base 12) to base 8.
2220350
What is 11150520 (base 6) in base 9?
568733
Convert 31302234 (base 5) to base 4.
333121232
Convert -6865b5 (base 13) to base 11.
-1438078
What is -a5602 (base 11) in base 12?
-75001
Convert 51221154 (base 6) to base 3.
2202102021121
What is -1507923 (base 11) in base 14?
-4b4c35
What is 535521 (base 9) in base 7?
2466010
What is -103112212203 (base 4) in base 16?
-4d69a3
What is -21312415 (base 7) in base 11?
-1032258
Convert -13086250 (base 9) to base 4.
-120202320321
Convert 616366 (base 10) to base 7.
5144662
Convert -a085ee (base 15) to base 16.
-744dd3
What is 77df3 (base 16) in base 3?
220221112000
-3567003 (base 8) to base 9
-1751140
What is 134664 (base 10) in base 3?
20211201120
What is 34243412 (base 7) in base 11?
175a202
78716 (base 10) to base 13
29aa1
365528 (base 11) to base 12
23a7a9
What is -123a8f (base 16) in base 10?
-1194639
Convert 2455831 (base 11) to base 2.
10000010010000010011100
11652442 (base 7) to base 3
1222121010021
Convert 3a204 (base 15) to base 10.
186079
What is -135204 (base 6) in base 14?
-495a
34192b (base 13) to base 15
195003
288867 (base 9) to base 11
111095
Convert 2311020313 (base 4) to base 2.
10110101001000110111
What is -2122002000 (base 4) in base 9?
-1161403
-51653220 (base 7) to base 13
-b938a7
What is -3a4a8 (base 12) in base 15?
-18b62
Convert 7c4a1 (base 13) to base 15.
4744d
-701b3d (base 14) to base 10
-3769723
724467 (base 8) to base 14
63619
What is 395a10 (base 11) in base 13?
18a627
What is 1748805 (base 12) in base 13?
ccc683
-17404 (base 13) to base 15
-d34a
-feaa (base 16) to base 15
-144b4
-11e633 (base 16) to base 15
-18287d
Convert -4711aa (base 12) to base 5.
-243024412
What is -12650214 (base 7) in base 16?
-11e155
Convert -11201112220022 (base 3) to base 5.
-1120314403
Convert 998660 (base 10) to base 16.
f3d04
Convert 231120221031 (base 4) to base 8.
55305115
What is 164406 (base 7) in base 10?
32787
Convert 2222221022 (base 3) to base 8.
163173
589823 (base 10) to base 16
8ffff
Convert 1a789 (base 15) to base 11.
59744
Convert 4214103 (base 7) to base 6.
14520003
2030140 (base 8) to base 11
337234
Convert 112121001101 (base 3) to base 7.
2304334
5197a (base 14) to base 4
300001120
What is 1205412 (base 7) in base 14?
3db79
Convert 689850 (base 10) to base 7.
5602140
What is -10111111011010011001101 (base 2) in base 8?
-27732315
What is -7372405 (base 8) in base 6?
-110025113
Convert 3231023211 (base 4) to base 5.
222041433
What is 98128 (base 11) in base 8?
426350
-675738 (base 12) to base 7
-20002121
What is 1a287 (base 13) in base 15?
1018a
Convert 10868705 (base 10) to base 7.
161245121
Convert 4255013 (base 6) to base 15.
42230
14eac (base 16) to base 12
416b8
Convert 340404022 (base 6) to base 10.
6190574
Convert -24403020 (base 6) to base 7.
-6420660
3413113 (base 5) to base 7
341055
3b879 (base 12) to base 16
1421d
Convert 23786 (base 12) to base 11.
32984
Convert 582b58 (base 13) to base 9.
3836623
Convert -59cc95 (base 15) to base 3.
-22002020210012
Convert -23707c (base 13) to base 5.
-204000001
-200200312 (base 4) to base 16
-20836
Convert -1322335 (base 7) to base 1